alculate the remainder when 33387 is divided by 68.
67
What is the remainder when 10318 is divided by 60?
58
Calculate the remainder when 652 is divided by 162.
4
What is the remainder when 275 is divided by 92?
91
Calculate the remainder when 2543 is divided by 67.
64
Calculate the remainder when 477 is divided by 80.
77
Calculate the remainder when 1204 is divided by 39.
34
Calculate the remainder when 106 is divided by 31.
13
What is the remainder when 418 is divided by 59?
5
What is the remainder when 147 is divided by 6?
3
Calculate the remainder when 117 is divided by 40.
37
Calculate the remainder when 524 is divided by 38.
30
What is the remainder when 174 is divided by 20?
14
What is the remainder when 22593 is divided by 28?
25
What is the remainder when 53 is divided by 9?
8
Calculate the remainder when 947 is divided by 872.
75
What is the remainder when 350 is divided by 71?
66
Calculate the remainder when 87 is divided by 12.
3
What is the remainder when 170 is divided by 9?
8
What is the remainder when 163 is divided by 5?
3
What is the remainder when 1745 is divided by 69?
20
What is the remainder when 229 is divided by 102?
25
What is the remainder when 160 is divided by 21?
13
What is the remainder when 413 is divided by 11?
6
What is the remainder when 876 is divided by 217?
8
What is the remainder when 1048 is divided by 75?
73
Calculate the remainder when 1580 is divided by 7.
5
Calculate the remainder when 27 is divided by 7.
6
Calculate the remainder when 400 is divided by 68.
60
Calculate the remainder when 67871 is divided by 299.
297
What is the remainder when 848 is divided by 56?
8
Calculate the remainder when 111 is divided by 14.
13
Calculate the remainder when 353 is divided by 176.
1
Calculate the remainder when 89 is divided by 9.
8
Calculate the remainder when 5355 is divided by 38.
35
What is the remainder when 69 is divided by 9?
6
Calculate the remainder when 139 is divided by 66.
7
What is the remainder when 73567 is divided by 70?
67
Calculate the remainder when 705 is divided by 216.
57
What is the remainder when 109 is divided by 22?
21
What is the remainder when 1108 is divided by 122?
10
Calculate the remainder when 803 is divided by 81.
74
What is the remainder when 859 is divided by 114?
61
What is the remainder when 244 is divided by 10?
4
Calculate the remainder when 125 is divided by 113.
12
Calculate the remainder when 15613 is divided by 16.
13
Calculate the remainder when 2124 is divided by 97.
87
What is the remainder when 247 is divided by 129?
118
Calculate the remainder when 316 is divided by 160.
156
Calculate the remainder when 2061 is divided by 16.
13
Calculate the remainder when 84 is divided by 23.
15
Calculate the remainder when 6803 is divided by 18.
17
What is the remainder when 1252 is divided by 325?
277
What is the remainder when 175 is divided by 22?
21
What is the remainder when 255 is divided by 20?
15
What is the remainder when 731 is divided by 49?
45
What is the remainder when 5061 is divided by 11?
1
Calculate the remainder when 324 is divided by 23.
2
Calculate the remainder when 1959 is divided by 49.
48
What is the remainder when 2120 is divided by 107?
87
What is the remainder when 125 is divided by 8?
5
Calculate the remainder when 4275 is divided by 138.
135
What is the remainder when 39 is divided by 29?
10
Calculate the remainder when 610 is divided by 17.
15
Calculate the remainder when 107 is divided by 28.
23
Calculate the remainder when 194 is divided by 49.
47
What is the remainder when 1057 is divided by 118?
113
What is the remainder when 28 is divided by 24?
4
Calculate the remainder when 3772 is divided by 51.
49
Calculate the remainder when 19 is divided by 4.
3
What is the remainder when 83 is divided by 42?
41
What is the remainder when 384 is divided by 95?
4
What is the remainder when 92 is divided by 43?
6
What is the remainder when 108 is divided by 64?
44
What is the remainder when 1257 is divided by 178?
11
Calculate the remainder when 489 is divided by 189.
111
What is the remainder when 660 is divided by 48?
36
What is the remainder when 1515 is divided by 253?
250
Calculate the remainder when 190 is divided by 35.
15
What is the remainder when 493 is divided by 271?
222
What is the remainder when 834 is divided by 10?
4
Calculate the remainder when 128 is divided by 19.
14
Calculate the remainder when 95 is divided by 30.
5
Calculate the remainder when 413 is divided by 18.
17
What is the remainder when 5368 is divided by 15?
13
Calculate the remainder when 459 is divided by 69.
45
Calculate the remainder when 142 is divided by 44.
10
Calculate the remainder when 493 is divided by 165.
163
What is the remainder when 1959 is divided by 20?
19
Calculate the remainder when 4556 is divided by 53.
51
Calculate the remainder when 529 is divided by 28.
25
What is the remainder when 446 is divided by 14?
12
Calculate the remainder when 150 is divided by 4.
2
What is the remainder when 279 is divided by 6?
3
Calculate the remainder when 874 is divided by 14.
6
What is the remainder when 61 is divided by 13?
9
What is the remainder when 46118 is divided by 10?
8
Calculate the remainder when 108 is divided by 30.
18
Calculate the remainder when 48 is divided by 14.
6
What is the remainder when 23 is divided by 11?
1
Calculate the remainder when 129 is divided by 25.
4
What is the remainder when 1149 is divided by 18?
15
Calculate the remainder when 121 is divided by 28.
9
Calculate the remainder when 1113 is divided by 12.
9
Calculate the remainder when 428 is divided by 48.
44
What is the remainder when 51 is divided by 30?
21
Calculate the remainder when 227 is divided by 85.
57
What is the remainder when 37329 is divided by 306?
303
Calculate the remainder when 10284 is divided by 17.
16
Calculate the remainder when 89 is divided by 30.
29
Calculate the remainder when 245 is divided by 86.
73
Calculate the remainder when 238 is divided by 60.
58
What is the remainder when 189 is divided by 8?
5
What is the remainder when 975 is divided by 319?
18
Calculate the remainder when 73 is divided by 16.
9
What is the remainder when 989 is divided by 90?
89
What is the remainder when 733 is divided by 92?
89
What is the remainder when 625 is divided by 162?
139
Calculate the remainder when 635 is divided by 106.
105
Calculate the remainder when 338 is divided by 208.
130
What is the remainder when 120 is divided by 61?
59
Calculate the remainder when 998 is divided by 11.
8
What is the remainder when 1471 is divided by 67?
64
Calculate the remainder when 434 is divided by 117.
83
What is the remainder when 95 is divided by 76?
19
Calculate the remainder when 1708 is divided by 288.
268
Calculate the remainder when 3853 is divided by 297.
289
Calculate the remainder when 1169 is divided by 78.
77
What is the remainder when 298 is divided by 20?
18
What is the remainder when 200 is divided by 38?
10
Calculate the remainder when 260 is divided by 22.
18
Calculate the remainder when 187 is divided by 39.
31
Calculate the remainder when 111 is divided by 23.
19
What is the remainder when 557 is divided by 80?
77
Calculate the remainder when 472 is divided by 34.
30
What is the remainder when 436 is divided by 86?
6
What is the remainder when 262 is divided by 33?
31
Calculate the remainder when 589 is divided by 7.
1
Calculate the remainder when 87 is divided by 36.
15
What is the remainder when 11434 is divided by 41?
36
What is the remainder when 1699 is divided by 131?
127
What is the remainder when 516 is divided by 47?
46
Calculate the remainder when 4247 is divided by 15.
2
What is the remainder when 112 is divided by 38?
36
Calculate the remainder when 109 is divided by 48.
13
What is the remainder when 2058 is divided by 29?
28
What is the remainder when 3892 is divided by 13?
5
Calculate the remainder when 269 is divided by 91.
87
What is the remainder when 252 is divided by 234?
18
What is the remainder when 2534 is divided by 2524?
10
Calculate the remainder when 154 is divided by 82.
72
What is the remainder when 470 is divided by 96?
86
Calculate the remainder when 138 is divided by 44.
6
Calculate the remainder when 44 is divided by 7.
2
What is